{"id":3448,"date":"2015-01-08T18:49:23","date_gmt":"2015-01-08T18:49:23","guid":{"rendered":"http:\/\/dizajn-biro.com.hr\/urgenci\/?page_id=3448"},"modified":"2018-03-01T18:36:21","modified_gmt":"2018-03-01T17:36:21","slug":"2nd-european-meeting-in-france","status":"publish","type":"page","link":"https:\/\/urgenci.net\/french\/2nd-european-meeting-in-france\/","title":{"rendered":"2nde Rencontre europ\u00e9enne \u00e0 Villarceaux"},"content":{"rendered":"<p>La rencontre europ\u00e9enne des Mouvements de Partenariats locaux et solidaires et des Syst\u00e8mes de distribution alternatif s&rsquo;est maintenant fermement \u00e9tabli comme un rep\u00e8re majeur pour les initiatives de PLS \u00e0 travers toute l&rsquo;Europe. Avec 120 participants de 25 pays diff\u00e9rents lors de sa premi\u00e8re \u00e9dition \u00e0 Milan en octobre 2012, 90 participants de 17 pays \u00e0 Villarceaux en mars 2014, cet \u00e9v\u00e9nement est probablement l&rsquo;\u00e9v\u00e9nement europ\u00e9en sur les syst\u00e8mes alimentaires locaux avec la diversit\u00e9 g\u00e9ographique et culturelle la\u00a0plus grande.<\/p>\n<p>Compte-rendus des groupes th\u00e9matique du Forum ouvert (cliquez sur le titre d&rsquo;un atelier pour t\u00e9l\u00e9charger le compte-rendu):<\/p>\n<p><strong><a href=\"https:\/\/urgenci.net\/french\/wp-content\/uploads\/2015\/03\/EU-Declaration-Bergerie-meeting-2.pdf\">European Declaration of CSA\u00a0<\/a>(EN)<\/strong><\/p>\n<p><strong><a href=\"https:\/\/urgenci.net\/french\/wp-content\/uploads\/2015\/03\/Local-global-advocacy-on-CSA_minutes.pdf\">Local\/global Advocacy on CSA<\/a>\u00a0(EN)<\/strong><\/p>\n<p><strong><a href=\"https:\/\/urgenci.net\/french\/wp-content\/uploads\/2015\/03\/Report_Education-new-farmers-and-model-farms.pdf\">Education of new Farmers<\/a>\u00a0(EN)<\/strong><\/p>\n<p><strong><a href=\"https:\/\/urgenci.net\/french\/wp-content\/uploads\/2015\/03\/Harnessing-Social-Media.pdf\">Harnessing Social Media to Develop Local Networks<\/a>\u00a0(EN)<\/strong><\/p>\n<p><strong><a href=\"https:\/\/urgenci.net\/french\/wp-content\/uploads\/2015\/03\/Knowledge-Transfer.pdf\">Knowledge Transfer<\/a>\u00a0(EN)<\/strong><\/p>\n<p><strong><span style=\"font-family: arial,helvetica,sans-serif;\"><a href=\"https:\/\/urgenci.net\/french\/sites\/default\/files\/2nd_EU_Meet_Alternatives_Commerciales_.doc\">Facing Commercial Alternatives<\/a>\u00a0(EN)<\/span><\/strong><\/p>\n<p><strong><span style=\"font-family: arial,helvetica,sans-serif;\"><a href=\"https:\/\/urgenci.net\/french\/sites\/default\/files\/2nd_EU_Meet_CSA_Members_Community.doc\">Strengthening CSA Members&rsquo; Sense of Community<\/a>\u00a0(EN)<\/span><\/strong><\/p>\n<p><strong><span style=\"font-family: arial,helvetica,sans-serif;\"><a href=\"https:\/\/urgenci.net\/french\/sites\/default\/files\/2nd_EU_Meet_CSA_Related_Trainings_in_Europe.doc\">CSA -related Trainings<\/a>\u00a0(EN)<\/span><\/strong><\/p>\n<p><strong><span style=\"font-family: arial,helvetica,sans-serif;\"><a href=\"https:\/\/urgenci.net\/french\/sites\/default\/files\/2nd_EU_Meet_Financing_Urgenci_Through_Membership.doc\">Financing Urgenci through Membership<\/a>\u00a0(EN)<\/span><\/strong><\/p>\n<p><strong><span style=\"font-family: arial,helvetica,sans-serif;\"><a href=\"https:\/\/urgenci.net\/french\/sites\/default\/files\/2nd_EU_Meet_Formation.doc\">Formation \u00e0 l&rsquo;alimentation durable<\/a>\u00a0(FR)<\/span><\/strong><\/p>\n<p><strong><span style=\"font-family: arial,helvetica,sans-serif;\"><a href=\"https:\/\/urgenci.net\/french\/sites\/default\/files\/2nd_EU_Meet_Income_Inequalities.doc\">CSA and Income Inequalities<\/a>\u00a0(EN)<\/span><\/strong><\/p>\n<p><strong><a href=\"https:\/\/urgenci.net\/french\/sites\/default\/files\/2nd_EU_Meet_Quel_type_d%27agri_souhaitons_nous%3F.doc\"><span style=\"font-family: arial, helvetica, sans-serif;\">Quel type d&rsquo;agriculture\u00a0souhaitons-nous?<\/span><\/a><span style=\"font-family: arial, helvetica, sans-serif;\">\u00a0(FR)<\/span><\/strong><\/p>\n<p><strong><span style=\"font-family: arial,helvetica,sans-serif;\"><a href=\"https:\/\/urgenci.net\/french\/sites\/default\/files\/2nd_EU_Meet_Screening_Methods.doc\">\u00ab\u00a0Screening\u00a0\u00bb Methods<\/a>\u00a0(EN)<\/span><\/strong><\/p>\n<p>&nbsp;<\/p>\n<p>Galerie des\u00a0affiches:<\/p>\n<p><strong><a href=\"https:\/\/urgenci.net\/french\/wp-content\/uploads\/2015\/03\/poster-LaiaEkosormena-Fran\u00e7ais.ppt\">Initiative basque<\/a><\/strong><\/p>\n<p><strong><a href=\"https:\/\/urgenci.net\/french\/sites\/default\/files\/facebook_1407802492687.jpg\">Les CSA de Croatie<\/a><\/strong><\/p>\n<p><a href=\"https:\/\/urgenci.net\/french\/wp-content\/uploads\/2015\/03\/Poster-KPZ-Francie.jpg\"><strong>Les CSA de R\u00e9publique tch\u00e8que<\/strong><\/a><\/p>\n<p><strong><a href=\"https:\/\/urgenci.net\/french\/wp-content\/uploads\/2015\/03\/REKO_localfood_model.jpg\">REKO (Finlande)<\/a><\/strong><\/p>\n<p>&nbsp;<\/p>\n<p>Autres documents issus de la rencontre:<\/p>\n<p><strong><a href=\"https:\/\/urgenci.net\/french\/wp-content\/uploads\/2015\/03\/Working-group-contacts-BErgerie-meeting-1.pdf\">Informations de contact des groupes de travail<\/a><\/strong><\/p>\n<p><strong><a href=\"https:\/\/www.freie-radios.net\/portal\/suche.php?such=true&amp;query=2nd+European+Meeting+on+CSA&amp;redaktion=0&amp;art=0&amp;serie=0&amp;sprache=0&amp;radio=0&amp;autor=&amp;beg_monat=01&amp;beg_jahr=1970&amp;end_monat=12&amp;end_jahr=2014&amp;Submit=Start+search\">Enregistrements audio<\/a><\/strong><\/p>\n<p><strong><a href=\"http:\/\/fabzgy.org\/bergerie\/index.html\">Carte des participants<\/a><\/strong><\/p>\n","protected":false},"excerpt":{"rendered":"<p>La rencontre europ\u00e9enne des Mouvements de Partenariats locaux et solidaires et des Syst\u00e8mes de distribution alternatif s&rsquo;est maintenant fermement \u00e9tabli comme un rep\u00e8re majeur pour les initiatives de PLS \u00e0 travers toute l&rsquo;Europe. Avec 120 participants de 25 pays diff\u00e9rents lors de sa premi\u00e8re \u00e9dition \u00e0 Milan en octobre 2012, 90 participants de 17 pays&#8230; <\/p>\n<div class=\"clear\"><\/div>\n<p><a href=\"https:\/\/urgenci.net\/french\/2nd-european-meeting-in-france\/\" class=\"excerpt-read-more\">Read More<\/a><\/p>\n","protected":false},"author":5,"featured_media":0,"parent":0,"menu_order":0,"comment_status":"closed","ping_status":"closed","template":"","meta":{"footnotes":""},"class_list":["post-3448","page","type-page","status-publish","hentry"],"_links":{"self":[{"href":"https:\/\/urgenci.net\/french\/wp-json\/wp\/v2\/pages\/3448","targetHints":{"allow":["GET"]}}],"collection":[{"href":"https:\/\/urgenci.net\/french\/wp-json\/wp\/v2\/pages"}],"about":[{"href":"https:\/\/urgenci.net\/french\/wp-json\/wp\/v2\/types\/page"}],"author":[{"embeddable":true,"href":"https:\/\/urgenci.net\/french\/wp-json\/wp\/v2\/users\/5"}],"replies":[{"embeddable":true,"href":"https:\/\/urgenci.net\/french\/wp-json\/wp\/v2\/comments?post=3448"}],"version-history":[{"count":5,"href":"https:\/\/urgenci.net\/french\/wp-json\/wp\/v2\/pages\/3448\/revisions"}],"predecessor-version":[{"id":5572,"href":"https:\/\/urgenci.net\/french\/wp-json\/wp\/v2\/pages\/3448\/revisions\/5572"}],"wp:attachment":[{"href":"https:\/\/urgenci.net\/french\/wp-json\/wp\/v2\/media?parent=3448"}],"curies":[{"name":"wp","href":"https:\/\/api.w.org\/{rel}","templated":true}]}}

2nde Rencontre européenne à Villarceaux

<p>La rencontre européenne des Mouvements de Partenariats locaux et solidaires et des Systèmes de distribution alternatif s&rsquo;est maintenant fermement établi comme un repère majeur pour les initiatives de PLS à travers toute l&rsquo;Europe. Avec 120 participants de 25 pays différents lors de sa première édition à Milan en octobre 2012, 90 participants de 17 pays à Villarceaux en mars 2014, cet événement est probablement l&rsquo;événement européen sur les systèmes alimentaires locaux avec la diversité géographique et culturelle la plus grande.</p>
<p>Compte-rendus des groupes thématique du Forum ouvert (cliquez sur le titre d&rsquo;un atelier pour télécharger le compte-rendu):</p>
<p><strong><a href="https://urgenci.net/french/wp-content/uploads/2015/03/EU-Declaration-Bergerie-meeting-2.pdf">European Declaration of CSA </a>(EN)</strong></p>
<p><strong><a href="https://urgenci.net/french/wp-content/uploads/2015/03/Local-global-advocacy-on-CSA_minutes.pdf">Local/global Advocacy on CSA</a> (EN)</strong></p>
<p><strong><a href="https://urgenci.net/french/wp-content/uploads/2015/03/Report_Education-new-farmers-and-model-farms.pdf">Education of new Farmers</a> (EN)</strong></p>
<p><strong><a href="https://urgenci.net/french/wp-content/uploads/2015/03/Harnessing-Social-Media.pdf">Harnessing Social Media to Develop Local Networks</a> (EN)</strong></p>
<p><strong><a href="https://urgenci.net/french/wp-content/uploads/2015/03/Knowledge-Transfer.pdf">Knowledge Transfer</a> (EN)</strong></p>
<p><strong><span style="font-family: arial,helvetica,sans-serif;"><a href="https://urgenci.net/french/sites/default/files/2nd_EU_Meet_Alternatives_Commerciales_.doc">Facing Commercial Alternatives</a> (EN)</span></strong></p>
<p><strong><span style="font-family: arial,helvetica,sans-serif;"><a href="https://urgenci.net/french/sites/default/files/2nd_EU_Meet_CSA_Members_Community.doc">Strengthening CSA Members&rsquo; Sense of Community</a> (EN)</span></strong></p>
<p><strong><span style="font-family: arial,helvetica,sans-serif;"><a href="https://urgenci.net/french/sites/default/files/2nd_EU_Meet_CSA_Related_Trainings_in_Europe.doc">CSA -related Trainings</a> (EN)</span></strong></p>
<p><strong><span style="font-family: arial,helvetica,sans-serif;"><a href="https://urgenci.net/french/sites/default/files/2nd_EU_Meet_Financing_Urgenci_Through_Membership.doc">Financing Urgenci through Membership</a> (EN)</span></strong></p>
<p><strong><span style="font-family: arial,helvetica,sans-serif;"><a href="https://urgenci.net/french/sites/default/files/2nd_EU_Meet_Formation.doc">Formation à l&rsquo;alimentation durable</a> (FR)</span></strong></p>
<p><strong><span style="font-family: arial,helvetica,sans-serif;"><a href="https://urgenci.net/french/sites/default/files/2nd_EU_Meet_Income_Inequalities.doc">CSA and Income Inequalities</a> (EN)</span></strong></p>
<p><strong><a href="https://urgenci.net/french/sites/default/files/2nd_EU_Meet_Quel_type_d%27agri_souhaitons_nous%3F.doc"><span style="font-family: arial, helvetica, sans-serif;">Quel type d&rsquo;agriculture souhaitons-nous?</span></a><span style="font-family: arial, helvetica, sans-serif;"> (FR)</span></strong></p>
<p><strong><span style="font-family: arial,helvetica,sans-serif;"><a href="https://urgenci.net/french/sites/default/files/2nd_EU_Meet_Screening_Methods.doc">« Screening » Methods</a> (EN)</span></strong></p>
<p>&nbsp;</p>
<p>Galerie des affiches:</p>
<p><strong><a href="https://urgenci.net/french/wp-content/uploads/2015/03/poster-LaiaEkosormena-Français.ppt">Initiative basque</a></strong></p>
<p><strong><a href="https://urgenci.net/french/sites/default/files/facebook_1407802492687.jpg">Les CSA de Croatie</a></strong></p>
<p><a href="https://urgenci.net/french/wp-content/uploads/2015/03/Poster-KPZ-Francie.jpg"><strong>Les CSA de République tchèque</strong></a></p>
<p><strong><a href="https://urgenci.net/french/wp-content/uploads/2015/03/REKO_localfood_model.jpg">REKO (Finlande)</a></strong></p>
<p>&nbsp;</p>
<p>Autres documents issus de la rencontre:</p>
<p><strong><a href="https://urgenci.net/french/wp-content/uploads/2015/03/Working-group-contacts-BErgerie-meeting-1.pdf">Informations de contact des groupes de travail</a></strong></p>
<p><strong><a href="https://www.freie-radios.net/portal/suche.php?such=true&amp;query=2nd+European+Meeting+on+CSA&amp;redaktion=0&amp;art=0&amp;serie=0&amp;sprache=0&amp;radio=0&amp;autor=&amp;beg_monat=01&amp;beg_jahr=1970&amp;end_monat=12&amp;end_jahr=2014&amp;Submit=Start+search">Enregistrements audio</a></strong></p>
<p><strong><a href="http://fabzgy.org/bergerie/index.html">Carte des participants</a></strong></p>

<p>La rencontre européenne des Mouvements de Partenariats locaux et solidaires et des Systèmes de distribution alternatif s&rsquo;est maintenant fermement établi comme un repère majeur pour les initiatives de PLS à travers toute l&rsquo;Europe. Avec 120 participants de 25 pays différents lors de sa première édition à Milan en octobre 2012, 90 participants de 17 pays&#8230; </p>
<div class="clear"></div>
<p><a href="https://urgenci.net/french/2nd-european-meeting-in-france/" class="excerpt-read-more">Read More</a></p>
