{"id":3602,"date":"2015-01-08T21:05:42","date_gmt":"2015-01-08T21:05:42","guid":{"rendered":"http:\/\/dizajn-biro.com.hr\/urgenci\/?page_id=3602"},"modified":"2015-09-30T23:36:22","modified_gmt":"2015-09-30T21:36:22","slug":"hungry-for-rights","status":"publish","type":"page","link":"https:\/\/urgenci.net\/french\/actions\/hungry-for-rights\/","title":{"rendered":"Hungry for Rights"},"content":{"rendered":"<p><a href=\"https:\/\/urgenci.net\/french\/wp-content\/uploads\/2015\/01\/banda_sx.jpg\"><img loading=\"lazy\" decoding=\"async\" class=\"alignnone  wp-image-5174\" src=\"https:\/\/urgenci.net\/french\/wp-content\/uploads\/2015\/01\/banda_sx-300x91.jpg\" alt=\"banda_sx\" width=\"432\" height=\"131\" srcset=\"https:\/\/urgenci.net\/french\/wp-content\/uploads\/2015\/01\/banda_sx-300x91.jpg 300w, https:\/\/urgenci.net\/french\/wp-content\/uploads\/2015\/01\/banda_sx-600x182.jpg 600w, https:\/\/urgenci.net\/french\/wp-content\/uploads\/2015\/01\/banda_sx-750x229.jpg 750w, https:\/\/urgenci.net\/french\/wp-content\/uploads\/2015\/01\/banda_sx.jpg 757w\" sizes=\"auto, (max-width: 432px) 100vw, 432px\" \/><\/a><\/p>\n<p>Depuis janvier 2013, Urgenci prend\u00a0part \u00e0 un projet intitul\u00e9 \u00ab\u00a0<strong><em>Hungry for Rights: Global Learning from Local Solutions in Alternative Food System<\/em>s<\/strong>\u201d.<\/p>\n<p>Ce projet est motiv\u00e9 par l&rsquo;analyse qu&rsquo;une \u00e9volution depuis les formes industrielles de production alimentaire vers des circuits courts d&rsquo;approvisionnement et plus d&rsquo;alimentation locale n\u00e9cessitera non seulement que les producteurs modifient leur mod\u00e8le de production, mais aussi que les <strong>consommateurs changent leurs habitudes et les collectivit\u00e9s territoriales<\/strong> leurs politiques publiques. Bien que les consommateurs soient souvent moteurs du d\u00e9veloppement local des circuits courts, les\u00a0<strong>collectivit\u00e9s locales devraient en effet jouer un r\u00f4le clef dans la promotion de l&rsquo;alimentation locale \u00e0 travers la restauration collective.\u00a0<\/strong><\/p>\n<p>Ainsi, le projet rassemble des repr\u00e9sentants de ces diff\u00e9rents groupes. L&rsquo;approche inclusive a \u00e9t\u00e9 con\u00e7ue afin de garantir un diagnostic pr\u00e9cis des d\u00e9fis et des goulots d&rsquo;\u00e9tranglement, ainsi que pour aider \u00e0 identifier les besoins sp\u00e9cifiques en termes de d\u00e9veloppement de comp\u00e9tences et mise en capacit\u00e9.<\/p>\n<p><a href=\"https:\/\/urgenci.net\/french\/wp-content\/uploads\/2015\/01\/banda_dx.jpg\"><img loading=\"lazy\" decoding=\"async\" class=\"  wp-image-5176 alignright\" src=\"https:\/\/urgenci.net\/french\/wp-content\/uploads\/2015\/01\/banda_dx-300x61.jpg\" alt=\"banda_dx\" width=\"393\" height=\"80\" srcset=\"https:\/\/urgenci.net\/french\/wp-content\/uploads\/2015\/01\/banda_dx-300x61.jpg 300w, https:\/\/urgenci.net\/french\/wp-content\/uploads\/2015\/01\/banda_dx-900x182.jpg 900w, https:\/\/urgenci.net\/french\/wp-content\/uploads\/2015\/01\/banda_dx-600x122.jpg 600w\" sizes=\"auto, (max-width: 393px) 100vw, 393px\" \/><\/a><\/p>\n<p>3 r\u00e9sultats principaux sont attendus:<\/p>\n<ol>\n<li>Un socle commun de connaissances et de comp\u00e9tences pour les groupes cibles sur les questions de gouvernance alimentaire locale et globale sur des territoires s\u00e9lectionn\u00e9es au sein des diff\u00e9rents pays impliqu\u00e9s;<\/li>\n<li><strong>Des catalyseurs, issus des\u00a0groupes-cibles, sont form\u00e9s\u00a0<\/strong>pour faciliter les processus locaux d&rsquo;apprentissage;<\/li>\n<li>Cr\u00e9ation de conseils alimentaires locaux en Italie, France, \u00e0 Chypre, en Lituanie et au Royaume-Uni, avec la participation des acteurs concern\u00e9s.<\/li>\n<\/ol>\n<p>La rencontre initiale de lancement a eu en mars 2013 \u00e0 Milan en Italie.<\/p>\n<p>En\u00a0France, le projet a sp\u00e9cifiquement \u00e9t\u00e9 mis en oeuvre dans le Bassin Creillois, dans la partie m\u00e9ridionale de la r\u00e9gion Picardie. Les premi\u00e8res rencontres sur ce territoire ont \u00e9t\u00e9 organis\u00e9es au d\u00e9but de juin 2013.<\/p>\n<p><iframe loading=\"lazy\" src=\"https:\/\/rb34113571.racontr.com\/\" width=\"1280\" height=\"720\" allowfullscreen=\"allowfullscreen\"><\/iframe><\/p>\n<p>More information on the project:\u00a0<a href=\"http:\/\/www.hungryforrights.org\/index.php\/en\/\"><strong>www.hungryforrights.org<\/strong><\/a>.<\/p>\n","protected":false},"excerpt":{"rendered":"<p>Depuis janvier 2013, Urgenci prend\u00a0part \u00e0 un projet intitul\u00e9 \u00ab\u00a0Hungry for Rights: Global Learning from Local Solutions in Alternative Food Systems\u201d. Ce projet est motiv\u00e9 par l&rsquo;analyse qu&rsquo;une \u00e9volution depuis les formes industrielles de production alimentaire vers des circuits courts d&rsquo;approvisionnement et plus d&rsquo;alimentation locale n\u00e9cessitera non seulement que les producteurs modifient leur mod\u00e8le de&#8230; <\/p>\n<div class=\"clear\"><\/div>\n<p><a href=\"https:\/\/urgenci.net\/french\/actions\/hungry-for-rights\/\" class=\"excerpt-read-more\">Read More<\/a><\/p>\n","protected":false},"author":5,"featured_media":0,"parent":3594,"menu_order":0,"comment_status":"closed","ping_status":"closed","template":"","meta":{"footnotes":""},"class_list":["post-3602","page","type-page","status-publish","hentry"],"_links":{"self":[{"href":"https:\/\/urgenci.net\/french\/wp-json\/wp\/v2\/pages\/3602","targetHints":{"allow":["GET"]}}],"collection":[{"href":"https:\/\/urgenci.net\/french\/wp-json\/wp\/v2\/pages"}],"about":[{"href":"https:\/\/urgenci.net\/french\/wp-json\/wp\/v2\/types\/page"}],"author":[{"embeddable":true,"href":"https:\/\/urgenci.net\/french\/wp-json\/wp\/v2\/users\/5"}],"replies":[{"embeddable":true,"href":"https:\/\/urgenci.net\/french\/wp-json\/wp\/v2\/comments?post=3602"}],"version-history":[{"count":5,"href":"https:\/\/urgenci.net\/french\/wp-json\/wp\/v2\/pages\/3602\/revisions"}],"predecessor-version":[{"id":5178,"href":"https:\/\/urgenci.net\/french\/wp-json\/wp\/v2\/pages\/3602\/revisions\/5178"}],"up":[{"embeddable":true,"href":"https:\/\/urgenci.net\/french\/wp-json\/wp\/v2\/pages\/3594"}],"wp:attachment":[{"href":"https:\/\/urgenci.net\/french\/wp-json\/wp\/v2\/media?parent=3602"}],"curies":[{"name":"wp","href":"https:\/\/api.w.org\/{rel}","templated":true}]}}