{"id":3605,"date":"2015-01-08T21:07:18","date_gmt":"2015-01-08T20:07:18","guid":{"rendered":"http:\/\/dizajn-biro.com.hr\/urgenci\/?page_id=3605"},"modified":"2016-07-01T15:42:10","modified_gmt":"2016-07-01T13:42:10","slug":"logistics-of-short-supply-chains","status":"publish","type":"page","link":"https:\/\/urgenci.net\/french\/actions\/logistics-of-short-supply-chains\/","title":{"rendered":"Logistique des Circuits courts"},"content":{"rendered":"<h1><strong>Document issu du projet<\/strong> (disponible en ligne)<\/h1>\n<p align=\"JUSTIFY\"><strong>Formation aux Syst\u00e8mes alternatifs de distribution alimentaire, logistique r\u00e9gionale<\/strong> (\u00e9crit pour les sessions de formation). T\u00e9l\u00e9charger en pdf (3 MO): <a href=\"https:\/\/urgenci.net\/french\/wp-content\/uploads\/2015\/01\/FR_Formation_aux_Syste%CC%80mes_alimentaires_alternatifs.pdf\">FR_Formation_aux_Syste%CC%80mes_alimentaires_alternatifs<\/a><\/p>\n<h1 align=\"JUSTIFY\"><strong>Partenaires et contacts<\/strong><\/h1>\n<h5>France\/Paris \/\/ R\u00e9seau international URGENCI:\u00a0<a href=\"https:\/\/urgenci.net\/french\/\">http:\/\/www.urgenci.net<\/a>, Jocelyn Parot, <a href=\"mailto:contact@urgenci.net\">contact@urgenci.net<\/a><\/h5>\n<h5>Belgium\/Leuven \/\/ Voedselteams vzw:\u00a0<a href=\"http:\/\/www.voedselteams.be\">www.voedselteams.be<\/a>, Wim Merckx,<a href=\"mailto:wim.merckx@voedselteams.be\">wim.merckx@voedselteams.be<\/a><\/h5>\n<h5>Germany\/Freiburg \/\/ Forschungesellschaft Die Agronauten e.v.:\u00a0<a href=\"http:\/\/www.agronauten.net\">www.agronauten.net<\/a>, PhilippWeckenbrock,\u00a0<a href=\"mailto:info@agronauten.net\">info@agronauten.net<\/a><\/h5>\n<h5>Finland\/Helsinki \/\/ Luomuliitto,\u00a0<a href=\"http:\/\/www.luomuliitto.fi\">http:\/\/www.luomuliitto.fi<\/a>, Jukka Lassila,\u00a0<a href=\"mailto:luomuliitto@luomuliitto.fi\">luomuliitto@luomuliitto.fi<\/a><\/h5>\n","protected":false},"excerpt":{"rendered":"<p>Document issu du projet (disponible en ligne) Formation aux Syst\u00e8mes alternatifs de distribution alimentaire, logistique r\u00e9gionale (\u00e9crit pour les sessions de formation). T\u00e9l\u00e9charger en pdf (3 MO): FR_Formation_aux_Syste%CC%80mes_alimentaires_alternatifs Partenaires et contacts France\/Paris \/\/ R\u00e9seau international URGENCI:\u00a0http:\/\/www.urgenci.net, Jocelyn Parot, contact@urgenci.net Belgium\/Leuven \/\/ Voedselteams vzw:\u00a0www.voedselteams.be, Wim Merckx,wim.merckx@voedselteams.be Germany\/Freiburg \/\/ Forschungesellschaft Die Agronauten e.v.:\u00a0www.agronauten.net, PhilippWeckenbrock,\u00a0info@agronauten.net Finland\/Helsinki \/\/ Luomuliitto,\u00a0http:\/\/www.luomuliitto.fi,&#8230; <\/p>\n<div class=\"clear\"><\/div>\n<p><a href=\"https:\/\/urgenci.net\/french\/actions\/logistics-of-short-supply-chains\/\" class=\"excerpt-read-more\">Read More<\/a><\/p>\n","protected":false},"author":5,"featured_media":0,"parent":3594,"menu_order":0,"comment_status":"closed","ping_status":"closed","template":"","meta":{"footnotes":""},"class_list":["post-3605","page","type-page","status-publish","hentry"],"_links":{"self":[{"href":"https:\/\/urgenci.net\/french\/wp-json\/wp\/v2\/pages\/3605","targetHints":{"allow":["GET"]}}],"collection":[{"href":"https:\/\/urgenci.net\/french\/wp-json\/wp\/v2\/pages"}],"about":[{"href":"https:\/\/urgenci.net\/french\/wp-json\/wp\/v2\/types\/page"}],"author":[{"embeddable":true,"href":"https:\/\/urgenci.net\/french\/wp-json\/wp\/v2\/users\/5"}],"replies":[{"embeddable":true,"href":"https:\/\/urgenci.net\/french\/wp-json\/wp\/v2\/comments?post=3605"}],"version-history":[{"count":5,"href":"https:\/\/urgenci.net\/french\/wp-json\/wp\/v2\/pages\/3605\/revisions"}],"predecessor-version":[{"id":5276,"href":"https:\/\/urgenci.net\/french\/wp-json\/wp\/v2\/pages\/3605\/revisions\/5276"}],"up":[{"embeddable":true,"href":"https:\/\/urgenci.net\/french\/wp-json\/wp\/v2\/pages\/3594"}],"wp:attachment":[{"href":"https:\/\/urgenci.net\/french\/wp-json\/wp\/v2\/media?parent=3605"}],"curies":[{"name":"wp","href":"https:\/\/api.w.org\/{rel}","templated":true}]}}