{"id":4445,"date":"2015-02-19T11:07:47","date_gmt":"2015-02-19T10:07:47","guid":{"rendered":"http:\/\/dizajn-biro.com.hr\/urgenci\/?page_id=4445"},"modified":"2015-07-02T23:31:35","modified_gmt":"2015-07-02T21:31:35","slug":"switzerland","status":"publish","type":"page","link":"https:\/\/urgenci.net\/french\/switzerland\/","title":{"rendered":"Suisse"},"content":{"rendered":"<h1 align=\"justify\"><strong>In Romandy: Agriculture contractuelle de proximit\u00e9<br \/>\n<\/strong><\/h1>\n<p align=\"justify\">FRACP:\u00a0<em><a href=\"http:\/\/www.acpch.ch\/la-federation\/\">F\u00e9d\u00e9ration romande d&rsquo;agriculture contractuelle de proximit\u00e9<\/a>, <\/em>French speaking Contract -based Local Agriculture Federation among which the pioneer <a href=\"http:\/\/www.cocagne.ch\/c5\/\">Jardins de Cocagne<\/a>, since 1978.<\/p>\n<h1><strong>In the German-speaking area<\/strong><\/h1>\n<p style=\"padding-left: 30px;\"><a href=\"http:\/\/www.regionalevertragslandwirtschaft.ch\/verband\"><em>Verband Regionale Vertragslandwirtschaft<\/em> ,<\/a>regional network created in April 2013, with <a href=\"http:\/\/www.regionalevertragslandwirtschaft.ch\/verband\/index.php\/initiativen-sp-729906689\">10 initiatives<\/a> in the Berne and Z\u00fcrich regions.<\/p>\n","protected":false},"excerpt":{"rendered":"<p>In Romandy: Agriculture contractuelle de proximit\u00e9 FRACP:\u00a0F\u00e9d\u00e9ration romande d&rsquo;agriculture contractuelle de proximit\u00e9, French speaking Contract -based Local Agriculture Federation among which the pioneer Jardins de Cocagne, since 1978. In the German-speaking area Verband Regionale Vertragslandwirtschaft ,regional network created in April 2013, with 10 initiatives in the Berne and Z\u00fcrich regions.<\/p>\n","protected":false},"author":5,"featured_media":0,"parent":0,"menu_order":0,"comment_status":"closed","ping_status":"closed","template":"","meta":{"footnotes":""},"class_list":["post-4445","page","type-page","status-publish","hentry"],"_links":{"self":[{"href":"https:\/\/urgenci.net\/french\/wp-json\/wp\/v2\/pages\/4445","targetHints":{"allow":["GET"]}}],"collection":[{"href":"https:\/\/urgenci.net\/french\/wp-json\/wp\/v2\/pages"}],"about":[{"href":"https:\/\/urgenci.net\/french\/wp-json\/wp\/v2\/types\/page"}],"author":[{"embeddable":true,"href":"https:\/\/urgenci.net\/french\/wp-json\/wp\/v2\/users\/5"}],"replies":[{"embeddable":true,"href":"https:\/\/urgenci.net\/french\/wp-json\/wp\/v2\/comments?post=4445"}],"version-history":[{"count":3,"href":"https:\/\/urgenci.net\/french\/wp-json\/wp\/v2\/pages\/4445\/revisions"}],"predecessor-version":[{"id":5113,"href":"https:\/\/urgenci.net\/french\/wp-json\/wp\/v2\/pages\/4445\/revisions\/5113"}],"wp:attachment":[{"href":"https:\/\/urgenci.net\/french\/wp-json\/wp\/v2\/media?parent=4445"}],"curies":[{"name":"wp","href":"https:\/\/api.w.org\/{rel}","templated":true}]}}