{"id":5374,"date":"2016-08-18T09:50:34","date_gmt":"2016-08-18T07:50:34","guid":{"rendered":"http:\/\/urgenci.net\/french\/?page_id=5374"},"modified":"2016-08-18T09:50:34","modified_gmt":"2016-08-18T07:50:34","slug":"plan-daction-2015-2017","status":"publish","type":"page","link":"https:\/\/urgenci.net\/french\/plan-daction-2015-2017\/","title":{"rendered":"Plan d&rsquo;action 2015-2017"},"content":{"rendered":"<p>T\u00e9l\u00e9charger le plan d&rsquo;action 2015-2017, vot\u00e9 lors de l&rsquo;AG du 22 novembre 2015, sous format pdf:\u00a0<a href=\"https:\/\/urgenci.net\/french\/wp-content\/uploads\/2016\/08\/Plan_Action_VF.pdf\">Plan_Action_VF<\/a><\/p>\n","protected":false},"excerpt":{"rendered":"<p>T\u00e9l\u00e9charger le plan d&rsquo;action 2015-2017, vot\u00e9 lors de l&rsquo;AG du 22 novembre 2015, sous format pdf:\u00a0Plan_Action_VF<\/p>\n","protected":false},"author":2,"featured_media":0,"parent":0,"menu_order":0,"comment_status":"closed","ping_status":"closed","template":"","meta":{"footnotes":""},"class_list":["post-5374","page","type-page","status-publish","hentry"],"_links":{"self":[{"href":"https:\/\/urgenci.net\/french\/wp-json\/wp\/v2\/pages\/5374","targetHints":{"allow":["GET"]}}],"collection":[{"href":"https:\/\/urgenci.net\/french\/wp-json\/wp\/v2\/pages"}],"about":[{"href":"https:\/\/urgenci.net\/french\/wp-json\/wp\/v2\/types\/page"}],"author":[{"embeddable":true,"href":"https:\/\/urgenci.net\/french\/wp-json\/wp\/v2\/users\/2"}],"replies":[{"embeddable":true,"href":"https:\/\/urgenci.net\/french\/wp-json\/wp\/v2\/comments?post=5374"}],"version-history":[{"count":1,"href":"https:\/\/urgenci.net\/french\/wp-json\/wp\/v2\/pages\/5374\/revisions"}],"predecessor-version":[{"id":5378,"href":"https:\/\/urgenci.net\/french\/wp-json\/wp\/v2\/pages\/5374\/revisions\/5378"}],"wp:attachment":[{"href":"https:\/\/urgenci.net\/french\/wp-json\/wp\/v2\/media?parent=5374"}],"curies":[{"name":"wp","href":"https:\/\/api.w.org\/{rel}","templated":true}]}}